83, 137
What are the prime factors of 746322?
2, 3, 173, 719
List the prime factors of 35303.
43, 821
List the prime factors of 24351396.
2, 3, 2029283
List the prime factors of 2403637.
1051, 2287
What are the prime factors of 2052942?
2, 3, 463, 739
What are the prime factors of 759861?
3, 53, 59
What are the prime factors of 602444?
2, 150611
What are the prime factors of 4080350?
2, 5, 79, 1033
What are the prime factors of 993526?
2, 496763
What are the prime factors of 26354303?
53, 347, 1433
List the prime factors of 3003143.
11, 13, 21001
List the prime factors of 11751.
3, 3917
List the prime factors of 214135.
5, 113, 379
What are the prime factors of 915400?
2, 5, 23, 199
What are the prime factors of 1599070?
2, 5, 11, 14537
List the prime factors of 1091898.
2, 3, 60661
What are the prime factors of 5201429?
1597, 3257
What are the prime factors of 85965?
3, 5, 11, 521
What are the prime factors of 913984?
2, 14281
List the prime factors of 23167618.
2, 719, 16111
What are the prime factors of 862594?
2, 431297
What are the prime factors of 663498?
2, 3, 11, 1117
List the prime factors of 7278768.
2, 3, 7, 29, 83
List the prime factors of 6694210.
2, 5, 47, 14243
List the prime factors of 105743.
11, 9613
List the prime factors of 4681725.
3, 5, 62423
What are the prime factors of 966621?
3, 23, 14009
What are the prime factors of 671061?
3, 19, 61, 193
List the prime factors of 415186.
2, 207593
What are the prime factors of 2090090?
2, 5, 47, 4447
What are the prime factors of 6034195?
5, 509, 2371
List the prime factors of 1382563.
7, 13, 15193
List the prime factors of 113287.
113287
What are the prime factors of 814668?
2, 3, 29, 2341
List the prime factors of 39077.
23, 1699
What are the prime factors of 94187?
97, 971
What are the prime factors of 252945?
3, 5, 7, 11, 73
What are the prime factors of 3935850?
2, 3, 5, 19, 1381
What are the prime factors of 303995?
5, 163, 373
What are the prime factors of 407455?
5, 19, 4289
List the prime factors of 61868.
2, 15467
What are the prime factors of 2320923?
3, 11, 53, 1327
What are the prime factors of 3186482?
2, 13, 122557
What are the prime factors of 2370212?
2, 13, 19, 2399
List the prime factors of 1010954.
2, 7, 72211
List the prime factors of 1340282.
2, 107, 6263
What are the prime factors of 3683577?
3, 17, 72227
What are the prime factors of 8374336?
2, 17, 43, 179
What are the prime factors of 5537256?
2, 3, 230719
List the prime factors of 3517638.
2, 3, 586273
List the prime factors of 1070276.
2, 267569
List the prime factors of 1301090.
2, 5, 7, 18587
List the prime factors of 94774.
2, 47387
What are the prime factors of 1795449?
3, 23, 26021
List the prime factors of 752865.
3, 5, 53, 947
What are the prime factors of 9637384?
2, 277, 4349
What are the prime factors of 32019388?
2, 61, 281, 467
What are the prime factors of 1140997?
11, 13, 79, 101
List the prime factors of 13905878.
2, 7, 401, 2477
List the prime factors of 1195718.
2, 597859
List the prime factors of 2414490.
2, 3, 5, 13, 41, 151
List the prime factors of 4294035.
3, 5, 37, 2579
What are the prime factors of 6308210?
2, 5, 23, 27427
List the prime factors of 126000.
2, 3, 5, 7
What are the prime factors of 267323?
7, 38189
List the prime factors of 1070987.
1070987
What are the prime factors of 695516?
2, 31, 71, 79
What are the prime factors of 9209676?
2, 3, 7, 109639
What are the prime factors of 1916247?
3, 181, 3529
List the prime factors of 1131503.
17, 101, 659
What are the prime factors of 166242?
2, 3, 103, 269
What are the prime factors of 229310?
2, 5, 23, 997
List the prime factors of 317811.
3, 13, 29, 281
List the prime factors of 4106279.
4106279
What are the prime factors of 441245?
5, 7, 1801
List the prime factors of 21040736.
2, 657523
What are the prime factors of 287486?
2, 143743
What are the prime factors of 8795778?
2, 3, 1465963
List the prime factors of 11764099.
11764099
What are the prime factors of 8991220?
2, 5, 7, 64223
List the prime factors of 184046.
2, 23, 4001
List the prime factors of 120664.
2, 15083
List the prime factors of 50929.
50929
What are the prime factors of 2377858?
2, 7, 17, 97, 103
What are the prime factors of 85998?
2, 3, 11, 1303
What are the prime factors of 9127490?
2, 5, 127, 7187
List the prime factors of 19835677.
19, 41, 25463
List the prime factors of 1698633.
3, 37, 5101
List the prime factors of 2482102.
2, 7, 17, 10429
List the prime factors of 1069026.
2, 3, 7, 25453
What are the prime factors of 2802485?
5, 7, 80071
List the prime factors of 1662598.
2, 7, 118757
List the prime factors of 6931805.
5, 1386361
What are the prime factors of 3554068?
2, 7, 18133
What are the prime factors of 25060539?
3, 7, 971, 1229
What are the prime factors of 687964?
2, 293, 587
List the prime factors of 84118.
2, 137, 307
What are the prime factors of 1098320?
2, 5, 13729
What are the prime factors of 221745?
3, 5, 14783
What are the prime factors of 442548?
2, 3, 19, 647
What are the prime factors of 12082?
2, 7, 863
List the prime factors of 1186764.
2, 3, 98897
What are the prime factors of 3360926?
2, 29, 57947
List the prime factors of 3075952.
2, 11, 17477
What are the prime factors of 144381?
3, 17, 19, 149
List the prime factors of 24525.
3, 5, 109
What are the prime factors of 146903?
41, 3583
List the prime factors of 869403.
3, 179, 1619
List the prime factors of 225475.
5, 29, 311
What are the prime factors of 978991?
13, 75307
List the prime factors of 411536.
2, 17, 89
List the prime factors of 2221193.
13, 61, 2801
What are the prime factors of 1391631?
3, 307, 1511
What are the prime factors of 294016?
2, 2297
List the prime factors of 180491.
180491
What are the prime factors of 693258?
2, 3, 227, 509
What are the prime factors of 3391552?
2, 197, 269
What are the prime factors of 3227244?
2, 3, 268937
What are the prime factors of 10116422?
2, 41, 107, 1153
List the prime factors of 3090500.
2, 5, 7, 883
List the prime factors of 4782838.
2, 113, 21163
List the prime factors of 87822.
2, 3, 7, 17, 41
What are the prime factors of 276244?
2, 69061
What are the prime factors of 1661695?
5, 7, 197, 241
List the prime factors of 21013541.
43, 488687
What are the prime factors of 7859713?
1571, 5003
What are the prime factors of 285381?
3, 37, 857
What are the prime factors of 1323073?
1323073
List the prime factors of 57960.
2, 3, 5, 7, 23
What are the prime factors of 51275?
5, 7, 293
List the prime factors of 16007809.
16007809
What are the prime factors of 497281?
497281
What are the prime factors of 19535755?
5, 139, 28109
What are the prime factors of 1468880?
2, 5, 7, 43, 61
List the prime factors of 1655530.
2, 5, 165553
List the prime factors of 7196647.
7196647
What are the prime factors of 749317?
23, 32579
List the prime factors of 254794.
2, 23, 29, 191
List the prime factors of 19126971.
3, 2125219
List the prime factors of 1727253.
3, 11, 73, 239
What are the prime factors of 4633398?
2, 3, 7, 11, 3343
List the prime factors of 206478.
2, 3, 11471
What are the prime factors of 125272?
2, 7, 2237
What are the prime factors of 8881799?
8881799
What are the prime factors of 226515?
3, 5, 15101
List the prime factors of 454258.
2, 7, 71, 457
What are the prime factors of 8717259?
3, 2905753
List the prime factors of 2276109.
3, 11, 83, 277
What are the prime factors of 1949242?
2, 59, 16519
What are the prime factors of 1326561?
3, 17, 19, 37
List the prime factors of 199114.
2, 29, 3433
What are the prime factors of 612778?
2, 306389
List the prime factors of 17370839.
41, 43, 59, 167
List the prime factors of 6497842.
2, 13, 17, 61, 241
What are the prime factors of 2581021?
127, 20323
What are the prime factors of 1378482?
2, 3, 7, 23, 1427
List the prime factors of 98573.
98573
What are the prime factors of 19307165?
5, 3861433
List the prime factors of 11422015.
5, 11, 207673
List the prime factors of 3125054.
2, 1562527
What are the prime factors of 996722?
2, 498361
What are the prime factors of 94788?
2, 3, 2633
What are the prime factors of 285349?
71, 4019
What are the prime factors of 3200417?
11, 19, 15313
List the prime factors of 1546925.
5, 43, 1439
List the prime factors of 863921.
863921
List the